
What are the prime factors of 486?
2, 3
List the prime factors of 8866.
2, 11, 13, 31
List the prime factors of 87304.
2, 7, 1559
What are the prime factors of 21229?
13, 23, 71
List the prime factors of 673.
673
What are the prime factors of 3590?
2, 5, 359
List the prime factors of 32566.
2, 19, 857
List the prime factors of 26740.
2, 5, 7, 191
What are the prime factors of 1010?
2, 5, 101
What are the prime factors of 271?
271
List the prime factors of 47513.
47513
List the prime factors of 3900.
2, 3, 5, 13
List the prime factors of 35341.
59, 599
What are the prime factors of 746?
2, 373
List the prime factors of 6457.
11, 587
What are the prime factors of 315?
3, 5, 7
List the prime factors of 715.
5, 11, 13
What are the prime factors of 62597?
62597
What are the prime factors of 1051?
1051
What are the prime factors of 104661?
3, 29, 401
List the prime factors of 952.
2, 7, 17
What are the prime factors of 53061?
3, 23, 769
What are the prime factors of 1011?
3, 337
List the prime factors of 788.
2, 197
List the prime factors of 25075.
5, 17, 59
List the prime factors of 1094.
2, 547
List the prime factors of 1967.
7, 281
What are the prime factors of 7590?
2, 3, 5, 11, 23
What are the prime factors of 3253?
3253
List the prime factors of 68850.
2, 3, 5, 17
List the prime factors of 485.
5, 97
What are the prime factors of 15921?
3, 29, 61
What are the prime factors of 127356?
2, 3, 10613
List the prime factors of 19247.
19, 1013
List the prime factors of 294.
2, 3, 7
List the prime factors of 4366.
2, 37, 59
List the prime factors of 47268.
2, 3, 13, 101
List the prime factors of 2270.
2, 5, 227
What are the prime factors of 14473?
41, 353
What are the prime factors of 14244?
2, 3, 1187
What are the prime factors of 10911?
3, 3637
What are the prime factors of 1496?
2, 11, 17
List the prime factors of 48421.
41, 1181
What are the prime factors of 8883?
3, 7, 47
List the prime factors of 8607.
3, 19, 151
List the prime factors of 12546.
2, 3, 17, 41
What are the prime factors of 47953?
79, 607
List the prime factors of 97338.
2, 3, 16223
What are the prime factors of 2737?
7, 17, 23
List the prime factors of 36644.
2, 9161
List the prime factors of 95035.
5, 83, 229
List the prime factors of 54549.
3, 11, 19, 29
List the prime factors of 2859.
3, 953
List the prime factors of 40206.
2, 3, 6701
List the prime factors of 9507.
3, 3169
What are the prime factors of 1922?
2, 31
List the prime factors of 521.
521
List the prime factors of 4596.
2, 3, 383
List the prime factors of 20957.
19, 1103
List the prime factors of 31353.
3, 7, 1493
What are the prime factors of 99529?
99529
List the prime factors of 25654.
2, 101, 127
List the prime factors of 46538.
2, 23269
What are the prime factors of 106309?
7, 15187
What are the prime factors of 22521?
3, 7507
What are the prime factors of 577?
577
What are the prime factors of 3959?
37, 107
What are the prime factors of 210?
2, 3, 5, 7
What are the prime factors of 23629?
23629
What are the prime factors of 5764?
2, 11, 131
What are the prime factors of 1235?
5, 13, 19
What are the prime factors of 38242?
2, 19121
List the prime factors of 5552.
2, 347
List the prime factors of 11290.
2, 5, 1129
What are the prime factors of 5527?
5527
What are the prime factors of 74635?
5, 11, 23, 59
List the prime factors of 22215.
3, 5, 1481
What are the prime factors of 105?
3, 5, 7
List the prime factors of 1621.
1621
List the prime factors of 130.
2, 5, 13
List the prime factors of 5741.
5741
What are the prime factors of 472?
2, 59
What are the prime factors of 27799?
27799
List the prime factors of 2381.
2381
What are the prime factors of 369?
3, 41
List the prime factors of 24838.
2, 11, 1129
What are the prime factors of 45706?
2, 22853
List the prime factors of 18767.
7, 383
What are the prime factors of 38212?
2, 41, 233
List the prime factors of 37971.
3, 4219
What are the prime factors of 1120?
2, 5, 7
List the prime factors of 1640.
2, 5, 41
List the prime factors of 30993.
3, 10331
What are the prime factors of 84562?
2, 42281
What are the prime factors of 25383?
3, 8461
What are the prime factors of 35247?
3, 31, 379
What are the prime factors of 33399?
3, 1237
What are the prime factors of 1021?
1021
List the prime factors of 13313.
13313
What are the prime factors of 47?
47
List the prime factors of 5835.
3, 5, 389
What are the prime factors of 1359?
3, 151
List the prime factors of 17061.
3, 11, 47
List the prime factors of 31196.
2, 11, 709
What are the prime factors of 13776?
2, 3, 7, 41
What are the prime factors of 25955?
5, 29, 179
List the prime factors of 1708.
2, 7, 61
What are the prime factors of 5151?
3, 17, 101
What are the prime factors of 3669?
3, 1223
List the prime factors of 2015.
5, 13, 31
What are the prime factors of 17669?
17669
What are the prime factors of 825?
3, 5, 11
List the prime factors of 45293.
45293
List the prime factors of 6479.
11, 19, 31
What are the prime factors of 1800?
2, 3, 5
List the prime factors of 27298.
2, 13649
What are the prime factors of 59216?
2, 3701
What are the prime factors of 2757?
3, 919
What are the prime factors of 3789?
3, 421
What are the prime factors of 513?
3, 19
List the prime factors of 17232.
2, 3, 359
List the prime factors of 59769.
3, 29, 229
List the prime factors of 6770.
2, 5, 677
List the prime factors of 17294.
2, 8647
What are the prime factors of 3410?
2, 5, 11, 31
What are the prime factors of 56892?
2, 3, 11, 431
List the prime factors of 24988.
2, 6247
What are the prime factors of 9507?
3, 3169
List the prime factors of 16589.
53, 313
List the prime factors of 11518.
2, 13, 443
What are the prime factors of 5158?
2, 2579
List the prime factors of 21339.
3, 2371
What are the prime factors of 6634?
2, 31, 107
What are the prime factors of 4329?
3, 13, 37
List the prime factors of 66988.
2, 16747
List the prime factors of 87495.
3, 5, 19, 307
List the prime factors of 765.
3, 5, 17
What are the prime factors of 4147?
11, 13, 29
What are the prime factors of 78881?
11, 71, 101
List the prime factors of 42603.
3, 11, 1291
What are the prime factors of 3129?
3, 7, 149
What are the prime factors of 16613?
37, 449
List the prime factors of 146249.
146249
What are the prime factors of 360?
2, 3, 5
What are the prime factors of 3376?
2, 211
What are the prime factors of 722?
2, 19
What are the prime factors of 39484?
2, 9871
List the prime factors of 9886.
2, 4943
List the prime factors of 13238.
2, 6619
List the prime factors of 1230.
2, 3, 5, 41
List the prime factors of 69009.
3, 23003
List the prime factors of 23524.
2, 5881
List the prime factors of 16606.
2, 19, 23
List the prime factors of 2111.
2111
List the prime factors of 18425.
5, 11, 67
List the prime factors of 18442.
2, 9221
List the prime factors of 989.
23, 43
What are the prime factors of 29822?
2, 13, 31, 37
List the prime factors of 1354.
2, 677
List the prime factors of 2560.
2, 5
What are the prime factors of 953?
953
What are the prime factors of 182948?
2, 45737
List the prime factors of 12890.
2, 5, 1289
List the prime factors of 516.
2, 3, 43
What are the prime factors of 2612?
2, 653
List the prime factors of 30.
2, 3, 5
What are the prime factors of 1739?
37, 47
List the prime factors of 1109.
1109
What are the prime factors of 24688?
2, 1543
List the prime factors of 48.
2, 3
What are the prime factors of 102085?
5, 17, 1201
What are the prime factors of 3542?
2, 7, 11, 23
List the prime factors of 10614.
2, 3, 29, 61
List the prime factors of 1086.
2, 3, 181
List the prime factors of 19507.
19507
What are the prime factors of 10415?
5, 2083
What are the prime factors of 3888?
2, 3
List the prime factors of 1411.
17, 83
List the prime factors of 232.
2, 29
List the prime factors of 3362.
2, 41
List the prime factors of 11397.
3, 29, 131
List the prime factors of 14377.
11, 1307
List the prime factors of 20667.
3, 83
List the prime factors of 1816.
2, 227
List the prime factors of 519.
3, 173
What are the prime factors of 482?
2, 241
What are the prime factors of 4312?
2, 7, 11
List the prime factors of 2591.
2591
List the prime factors of 27331.
151, 181
List the prime factors of 7545.
3, 5, 503
List the prime factors of 4782.
2, 3, 797